 z - -16. Calculate the remainder when b is divided by 4.
2
Let j(f) be the first derivative of -f**4/4 - f**2/2 - 2*f + 3. Let d be j(0). Calculate the remainder when 31 - (d + 1 - -2) is divided by 11.
8
Let t = 55 + -25. Suppose 3*g - 276 - 72 = 0. Suppose 3*q + 355 + g = 4*y, 4*y = -4*q + 464. What is the remainder when y is divided by t?
27
Suppose -h - 5*h + 24 = 0. Suppose -3*l + 7*l = o - 89, -299 = -3*o - h*l. Calculate the remainder when o is divided by 33.
31
Suppose 26 = 29*g - 119. What is the remainder when 15 is divided by g?
0
Suppose -2*t = -s - 59, s = 5*t - t - 117. What is the remainder when 171 is divided by t?
26
Suppose 76*y + 93 = 77*y. Calculate the remainder when y is divided by 41.
11
Let s(u) = u**3 - 13*u**2 + 6*u - 72. Calculate the remainder when 219 is divided by s(13).
3
Suppose 2*c + 8 = 0, 4*k - 6 - 26 = c. What is the remainder when 26 is divided by k?
5
Let x be 3/(-1) - 17/(-1). Let t be (x - 7) + (-2 - -2). Suppose t*y - 18 = 6*y. What is the remainder when y is divided by 7?
4
Let x = -25 + 29. What is the remainder when 57 - (x/2 - 2) is divided by 12?
9
Let t(c) = -2*c + 2. Let l be t(5). Let z(q) = -7*q + 1. Calculate the remainder when z(l) is divided by ((-50)/(-15) - 0)*6.
17
Let i be 3120/54 + (-6)/(-27). Let u = 61 - i. What is the remainder when (-64)/(-6) - (-4)/(-6) is divided by u?
1
Let t(l) = -8 + 3 - 5 - 13 + 5*l. What is the remainder when 34 is divided by t(7)?
10
Let f = -483 - -500. Calculate the remainder when 361 is divided by f.
4
Let x(w) be the second derivative of 5*w**3/6 + 4*w**2 - w. Let i be x(10). Calculate the remainder when 43 is divided by i/5 - (-12)/(-20).
10
Suppose -36 = -m + 4*m. Suppose -2*n + 17 = -19. What is the remainder when (m - -42) + (2 - -1) is divided by n?
15
Let v(i) = 9*i**3 + 9*i**3 - 5*i + 7*i - 1 + 2*i**3. Suppose 5 = c - 3. What is the remainder when v(1) is divided by c?
5
Suppose 3*w = -2*t + t + 514, 2*t = -3*w + 512. What is the remainder when w is divided by 25?
22
Let a(h) = -2*h**2 - 41*h - 19. Let y be a(-20). Let o = 22 - 13. Calculate the remainder when o is divided by (-5)/15 - (22/(-3) + y).
3
Let g(f) = f**2 + 24*f - 37. What is the remainder when 121 is divided by g(-27)?
33
Calculate the remainder when 155 is divided by ((-6)/(-9))/(2/36).
11
Let l be 42 - (0 + (2 - 0)). Suppose 7*a - l = 2*a. What is the remainder when 15 is divided by a?
7
Let c(r) = r**3 + 3*r**2 - 2*r - 1. Let i be c(2). Let z(p) = -p**2 - 9 - 1 + 0*p**2 - i*p + 4*p. What is the remainder when z(-7) is divided by 5?
3
Suppose 4*x = 8, -3*o + 27 + 14 = -2*x. Let w = -329 + 333. Calculate the remainder when o is divided by w.
3
Let o(n) be the third derivative of -n**5/60 + 3*n**4/8 + n**3/6 + 15*n**2. What is the remainder when o(9) is divided by (2/3)/(8/12)?
0
Let l(c) = -c**2 + 45. Suppose -2*q + 51 = -467. Suppose -8*m - 75 = -q. What is the remainder when l(0) is divided by m?
22
Let z be (-2196)/60 - (-6)/10. Let v = -23 - z. Suppose -442 = -7*b - 120. What is the remainder when b is divided by v?
7
Let y = 562 + -399. Suppose 4*c - 159 = -q, -21*c - q = -22*c + 46. Calculate the remainder when y is divided by c.
40
Suppose 0 = 2*m - 8, 3*f - 8*f = m - 124. Calculate the remainder when 91 is divided by f.
19
Let y(o) = -o**3 + 37*o**2 - 25*o - 335. What is the remainder when 258 is divided by y(36)?
14
Let h(l) = -4*l**3 - 3*l**2 - 4*l - 6. Let s(j) = j + 12. Calculate the remainder when h(-3) is divided by s(10).
21
Suppose 4*d = m + 21, -3*m + 3 = 2*d + 10. Let i(u) = -u - 1. Let q(w) = w**2 + 43*w - 337. What is the remainder when q(7) is divided by i(m)?
1
Suppose 14*l + 19*l - 1947 = 0. Calculate the remainder when 883 is divided by l.
57
Suppose 4464 + 444 = 12*u. Suppose 0 = 2*d + 4*q - 108, -5*d + u - 167 = 3*q. Calculate the remainder when d is divided by 24.
22
Suppose -3*p + 8 = h, h - p - 36 = 3*p. Let g = 36 + -34. Suppose -3*k - 9 = -g*m, m - 4*k - 2 + 10 = 0. What is the remainder when h is divided by m?
8
Suppose -5*a - 3*p + 197 = 0, -5*a + 4*p - 79 = -283. Suppose a*d = 37*d + 186. Calculate the remainder when d is divided by 32.
30
Let s(x) be the third derivative of -x**6/40 + x**4/24 + x**3/3 + 8*x**2. What is the remainder when s(-2) is divided by 13?
11
Let i = 31 - -8. Let o(u) = -18*u + 586. Calculate the remainder when i is divided by o(32).
9
Suppose 0 = 7*d - 2*d - 10. Suppose -2*l + 14 = k, -2*k = -3*k + d*l + 14. Calculate the remainder when k is divided by 3.
2
Let v(h) = h**2 - 11*h + 21. What is the remainder when 51 is divided by v(10)?
7
Suppose 0 = -9*o + 152 + 46. Let t = 11 + o. Calculate the remainder when 95 is divided by t.
29
Let f be ((-10)/25)/(1/(-30)). Suppose 6*o = f + 6. What is the remainder when ((-2)/3)/(o/(-90)) is divided by 7?
6
Suppose x - 68 = -x. Suppose 5 = 5*q + 5*r - 0, r + 9 = q. Suppose -3*u + l = -190, q*u - 209 = l + 111. Calculate the remainder when u is divided by x.
31
Let d(v) = -v**3 + 4*v + 4. Suppose c = 4*c - 4*w - 26, -4*c - 4*w = -16. Suppose 14 = c*a - 16. What is the remainder when d(-3) is divided by a?
4
Suppose t - 350 = -9*t. Let m = -13 - -32. Calculate the remainder when t is divided by m.
16
Suppose -o + 12 = -0*o. Let d = 838 - 819. Calculate the remainder when d is divided by o.
7
Suppose 0 = -2*d - 0*d + 2*h + 18, 5*d - h - 65 = 0. Let l be ((-10)/(-15))/((-6)/(-27)). Suppose 159 = l*k - 0*k. What is the remainder when k is divided by d?
11
Suppose 2 - 7 = -5*a. Let w(x) = x**2 - 7*x + 19. What is the remainder when w(5) is divided by ((-30)/24)/(a/(-4))?
4
Let t = -1789 + 1809. Calculate the remainder when 106 is divided by t.
6
Let m = -3 - -4. Let j = m - -33. Calculate the remainder when j is divided by (-19)/(133/(-168))*(-2)/(-4).
10
Let a = 5 - 2. Suppose -a*i - i = -176. Suppose -4*r = -3*o + 19, 3*o = -5*r + i + 20. Calculate the remainder when o is divided by 5.
3
Let k(u) = 35*u + 39. Calculate the remainder when k(4) is divided by 31.
24
Let k(t) = -7*t**2 + 0*t - 7*t - 6*t - t**3 + 6*t + 16. What is the remainder when k(-8) is divided by 23?
21
Suppose 26*z + 459 = 43*z. What is the remainder when 478/6 - (-4)/(-6) is divided by z?
25
Let l be (6 - 0)/((42/8)/7). Calculate the remainder when l/12 + 410/15 is divided by (-2 - -1)/(1/(-5)).
3
Suppose -6*b + 172 = -194. Calculate the remainder when 850 is divided by b.
57
Let a = -48 - -55. Suppose -a*w + 6*w + 10 = 0. Calculate the remainder when 19 is divided by w.
9
Let v(g) be the third derivative of 3*g**5/20 - g**4/12 - g**3/2 - 15*g**2. What is the remainder when 45 is divided by v(-1)?
5
Let r be 7/(-35) - (-21)/5. Calculate the remainder when (r - 1)/((30/76)/5) is divided by 8.
6
Suppose -3*k - 15 = -3*d, -2*d - 4*k + 5*k + 11 = 0. What is the remainder when 508 is divided by d?
4
Let l = 944 - 891. What is the remainder when l is divided by 19?
15
Suppose -223 - 177 = -16*g. What is the remainder when 115 is divided by g?
15
Let u = 156 - 142. Calculate the remainder when 320 is divided by u.
12
Calculate the remainder when 48 is divided by ((-14)/(-4) + -3)*12.
0
Suppose 174 + 55 = 3*u + l, 3*u + 2*l - 224 = 0. What is the remainder when u is divided by 2 + -15*(-4)/4?
10
Suppose -15*t + 962 - 362 = 0. Suppose h - 4*r = -3*h + t, 3*r - 68 = -4*h. Calculate the remainder when 39 is divided by h.
11
Let k = -43 + 47. Suppose k*d - 2*x - 234 = 0, 4*x - 165 = -3*d + 2*x. Calculate the remainder when d is divided by 20.
17
What is the remainder when (-34)/85 - (-1274)/10 is divided by 20?
7
Let x = -1321 + 1410. What is the remainder when x is divided by 7?
5
Let l(o) = -o**2. Let m be l(0). Let b(y) = m*y + 7 + y - 2*y - 4*y. What is the remainder when b(-8) is divided by 12?
11
Let d(x) = x + 11. Calculate the remainder when 73 is divided by d(3).
3
Let f = -4 - -27. Let k = 68 - 74. Let n = k + f. Calculate the remainder when 48 is divided by n.
14
Let c = -239 + 362. Let o = -103 - -117. Calculate the remainder when 3*(-4)/((-36)/c) is divided by o.
13
Let k(t) = 2*t - 2. Let l be k(1). Suppose -6*m + 318 = -l*m. Calculate the remainder when m is divided by 12.
5
Suppose 5*y + 3*s = 78, 4*s + 0*s = y - 34. What is the remainder when 104 is divided by y?
14
Suppose -o = 2*o - 12. Suppose 0*m + o*m = 